{"id":16,"date":"2025-09-27T08:40:42","date_gmt":"2025-09-27T08:40:42","guid":{"rendered":"http:\/\/ourikabikes.com\/?page_id=16"},"modified":"2025-09-27T18:20:23","modified_gmt":"2025-09-27T18:20:23","slug":"nos-motos","status":"publish","type":"page","link":"https:\/\/ourikabikes.com\/index.php\/nos-motos\/","title":{"rendered":"Motos"},"content":{"rendered":"\n<h3 class=\"wp-block-heading\">Nos motos : des KTM 450 EXC<\/h3>\n\n\n\n<p>Chez&nbsp;Ourika Bikes, nous avons choisi de mettre \u00e0 disposition de nos clients des&nbsp;KTM 450 EXC, v\u00e9ritables r\u00e9f\u00e9rences dans le monde de l\u2019enduro.<\/p>\n\n\n\n<figure class=\"wp-block-image size-large\"><img loading=\"lazy\" decoding=\"async\" width=\"1024\" height=\"768\" src=\"http:\/\/ourikabikes.com\/wp-content\/uploads\/2025\/09\/KTM-3-1024x768.jpeg\" alt=\"\" class=\"wp-image-54\" srcset=\"https:\/\/ourikabikes.com\/wp-content\/uploads\/2025\/09\/KTM-3-1024x768.jpeg 1024w, https:\/\/ourikabikes.com\/wp-content\/uploads\/2025\/09\/KTM-3-300x225.jpeg 300w, https:\/\/ourikabikes.com\/wp-content\/uploads\/2025\/09\/KTM-3-768x576.jpeg 768w, https:\/\/ourikabikes.com\/wp-content\/uploads\/2025\/09\/KTM-3-1536x1152.jpeg 1536w, https:\/\/ourikabikes.com\/wp-content\/uploads\/2025\/09\/KTM-3.jpeg 2048w\" sizes=\"auto, (max-width: 1024px) 100vw, 1024px\" \/><\/figure>\n\n\n\n<p>Polyvalentes, puissantes et l\u00e9g\u00e8res, ces motos sont parfaitement adapt\u00e9es aux pistes vari\u00e9es du Maroc, des sentiers de montagne de l\u2019Atlas aux pistes roulantes du d\u00e9sert. Leur moteur fiable et r\u00e9actif offre la puissance n\u00e9cessaire pour affronter les terrains techniques, tout en restant maniable et accessible aux passionn\u00e9s d\u2019aventure.<\/p>\n\n\n\n<p>Gr\u00e2ce \u00e0 leur confort et \u00e0 leur endurance, les&nbsp;KTM 450 EXC&nbsp;garantissent une exp\u00e9rience de pilotage unique, que vous soyez amateur de sensations fortes ou explorateur \u00e0 la recherche de paysages exceptionnels. C\u2019est le choix id\u00e9al pour d\u00e9couvrir le Maroc en deux-roues, en toute s\u00e9curit\u00e9 et avec un maximum de plaisir.<\/p>\n\n\n\n<figure class=\"wp-block-image size-large\"><img loading=\"lazy\" decoding=\"async\" width=\"580\" height=\"1024\" src=\"http:\/\/ourikabikes.com\/wp-content\/uploads\/2025\/09\/KTM-1-580x1024.jpeg\" alt=\"\" class=\"wp-image-56\" srcset=\"https:\/\/ourikabikes.com\/wp-content\/uploads\/2025\/09\/KTM-1-580x1024.jpeg 580w, https:\/\/ourikabikes.com\/wp-content\/uploads\/2025\/09\/KTM-1-170x300.jpeg 170w, https:\/\/ourikabikes.com\/wp-content\/uploads\/2025\/09\/KTM-1.jpeg 697w\" sizes=\"auto, (max-width: 580px) 100vw, 580px\" \/><\/figure>\n","protected":false},"excerpt":{"rendered":"<p>Nos motos : des KTM 450 EXC Chez&nbsp;Ourika Bikes, nous avons choisi de mettre \u00e0 disposition de nos clients des&nbsp;KTM 450 EXC, v\u00e9ritables r\u00e9f\u00e9rences dans le monde de l\u2019enduro. Polyvalentes, puissantes et l\u00e9g\u00e8res, ces motos sont parfaitement adapt\u00e9es aux pistes vari\u00e9es du Maroc, des sentiers de montagne de l\u2019Atlas aux pistes roulantes du d\u00e9sert. Leur&#8230;<\/p>\n","protected":false},"author":1,"featured_media":0,"parent":0,"menu_order":2,"comment_status":"closed","ping_status":"closed","template":"","meta":{"_kad_post_transparent":"","_kad_post_title":"","_kad_post_layout":"","_kad_post_sidebar_id":"","_kad_post_content_style":"","_kad_post_vertical_padding":"","_kad_post_feature":"","_kad_post_feature_position":"","_kad_post_header":false,"_kad_post_footer":false,"footnotes":""},"class_list":["post-16","page","type-page","status-publish","hentry"],"_links":{"self":[{"href":"https:\/\/ourikabikes.com\/index.php\/wp-json\/wp\/v2\/pages\/16","targetHints":{"allow":["GET"]}}],"collection":[{"href":"https:\/\/ourikabikes.com\/index.php\/wp-json\/wp\/v2\/pages"}],"about":[{"href":"https:\/\/ourikabikes.com\/index.php\/wp-json\/wp\/v2\/types\/page"}],"author":[{"embeddable":true,"href":"https:\/\/ourikabikes.com\/index.php\/wp-json\/wp\/v2\/users\/1"}],"replies":[{"embeddable":true,"href":"https:\/\/ourikabikes.com\/index.php\/wp-json\/wp\/v2\/comments?post=16"}],"version-history":[{"count":5,"href":"https:\/\/ourikabikes.com\/index.php\/wp-json\/wp\/v2\/pages\/16\/revisions"}],"predecessor-version":[{"id":57,"href":"https:\/\/ourikabikes.com\/index.php\/wp-json\/wp\/v2\/pages\/16\/revisions\/57"}],"wp:attachment":[{"href":"https:\/\/ourikabikes.com\/index.php\/wp-json\/wp\/v2\/media?parent=16"}],"curies":[{"name":"wp","href":"https:\/\/api.w.org\/{rel}","templated":true}]}}